) = -1386*u - 33280. Give r(-24).
-16
Let o(g) = 22*g - 28. Give o(4).
60
Let y(x) = 4*x**2 + 3*x + 8. What is y(0)?
8
Let a(o) = -15*o**2 - 42*o + 41. What is a(1)?
-16
Let n(t) = 34*t + 277. Calculate n(-10).
-63
Let s(a) = 2*a**3 - 2*a**2 - 9*a + 1. Give s(4).
61
Let q(u) = 2*u**2 - 60*u + 228. Give q(25).
-22
Let k(b) = b**2 + 101*b - 4259. What is k(33)?
163
Let v(k) = 3*k**3 + 10*k**2 - 11*k - 3. What is v(-5)?
-73
Let i(k) = 4*k**3 - 33*k**2 + 184*k - 35. Determine i(6).
745
Let l(s) = 115*s - 1260. Calculate l(11).
5
Let o(a) = -110*a**2 + 32*a - 31. Determine o(1).
-109
Let q(p) = p**3 + 17*p**2 + 19*p + 59. Calculate q(-19).
-1024
Let s(n) = 28*n**2 + 108*n - 43. Give s(-4).
-27
Let a(y) = y**3 + 3*y**2 + 9*y - 15. Calculate a(-7).
-274
Let i(g) = -g**2 - 32*g + 62. Calculate i(-37).
-123
Let y(w) = 2*w**2 + 132*w + 931. Determine y(-8).
3
Let r(v) = -v**3 + 13*v**2 - 11*v - 25. Give r(12).
-13
Let q(d) = -4*d**2 + 7*d + 73. What is q(-6)?
-113
Let y(m) = 5*m**2 - 61*m + 410. Give y(6).
224
Let y(d) = -393*d - 255. Determine y(-2).
531
Let n(r) = -r**2 + 13*r + 83. Give n(0).
83
Let u(a) = 11*a**3 + 14*a**2 - 29*a - 9. Calculate u(4).
803
Let f(b) = -53*b - 108. What is f(2)?
-214
Let g(z) = -7*z**2 - 583*z - 126. Calculate g(-83).
40
Let t(z) = -2*z**3 + 101*z**2 - 53*z + 162. What is t(50)?
12
Let f(z) = -z**3 + 12*z**2 + 29*z - 54. Determine f(14).
-40
Let w(a) = -2815*a + 14081. Determine w(5).
6
Let s(r) = -1979*r - 29696. What is s(-15)?
-11
Let m(w) = -140*w - 1970. What is m(-13)?
-150
Let t(z) = 5*z**2 - 667*z + 263. Give t(133).
-3
Let a(v) = v**2 - 6*v - 315. What is a(-13)?
-68
Let g(y) = y**2 + 2*y - 28. Calculate g(-8).
20
Let w(t) = t**3 - 41*t**2 + 55*t + 840. What is w(39)?
-57
Let f(q) = 14*q**2 - 112*q - 946. Give f(-8).
846
Let q(v) = -295*v - 5251. Calculate q(-18).
59
Let c(t) = 139*t - 449. Calculate c(3).
-32
Let k(s) = 108*s**2 - 11*s + 10. Determine k(3).
949
Let y(c) = -791*c - 44306. Calculate y(-56).
-10
Let n(g) = -123*g**2 + 16112*g + 130. Determine n(131).
-1
Let y(k) = k**3 - 2*k**2 - 160*k + 83. What is y(-12)?
-13
Let w(r) = -6*r**2 - 32*r + 666. Give w(8).
26
Let l(x) = -56*x + 897. What is l(16)?
1
Let s(l) = 4*l + 13. Calculate s(8).
45
Let r(n) = -5*n**3 - 3*n**2 + 3*n - 2. Determine r(1).
-7
Let s(z) = -6*z**2 - 182*z - 80. Determine s(-29).
152
Let b(v) = -73*v + 1304. What is b(18)?
-10
Let l(f) = -109*f + 6545. Determine l(60).
5
Let d(i) = -i**3 - 30*i**2 - 5*i - 116. Determine d(-30).
34
Let l(x) = x**2 - x + 59. Determine l(-7).
115
Let w(q) = -q**2 - 18*q + 59. Calculate w(3).
-4
Let k(l) = 1337*l - 38776. Give k(29).
-3
Let d(c) = -2*c**2 - 495*c + 2004. Give d(4).
-8
Let d(t) = -t - 11. Calculate d(-12).
1
Let x(p) = p**3 + 318*p**2 + 42*p + 13370. What is x(-318)?
14
Let a(r) = -11*r - 516. Calculate a(-46).
-10
Let t(w) = w**3 - 26*w**2 - 410*w - 36. Calculate t(-11).
-3
Let o(q) = 9*q - 150. Calculate o(16).
-6
Let g(n) = 74*n - 44. What is g(0)?
-44
Let x(u) = 2*u**2 - 5600*u - 186976. What is x(-33)?
2
Let q(p) = 74*p**2 + 9*p + 10. Determine q(-1).
75
Let k(x) = 8*x**2 + 157*x + 91. Give k(-19).
-4
Let o(m) = 276*m - 2175. Calculate o(8).
33
Let s(a) = 81*a**2 + 61*a + 133. Determine s(-2).
335
Let l(i) = -2*i**2 - 53*i - 25. Calculate l(-16).
311
Let k(j) = 17*j**2 - 217*j - 28. Determine k(13).
24
Let r(y) = 20*y - 482. Give r(24).
-2
Let d(c) = -4*c**2 + 9699*c - 19388. Determine d(2).
-6
Let z(c) = c**3 + 46*c**2 + 407*c - 3. Give z(-34).
31
Let b(s) = s**3 + 19*s**2 - 1890*s - 11. Give b(-54).
-11
Let t(i) = 365*i - 4013. Determine t(11).
2
Let o(l) = l**3 + 7*l**2 + 2*l + 6. Determine o(-7).
-8
Let c(z) = -z**2 + 9*z + 23. What is c(13)?
-29
Let u(c) = -5*c + 62. Give u(15).
-13
Let q(w) = 3*w**3 - 107*w**2 + 70*w - 16. Determine q(35).
-16
Let r(w) = -w**3 - 18*w**2 + 59*w - 65. Determine r(-21).
19
Let k(n) = 42*n - 345. What is k(8)?
-9
Let y(h) = h**3 - 14*h**2 - 11*h - 76. Determine y(15).
-16
Let j(s) = -3*s**2 - 7*s - 34. Give j(-4).
-54
Let v(a) = -12*a**2 + 275*a - 96. Give v(22).
146
Let l(q) = 674*q - 5449. Calculate l(8).
-57
Let g(z) = 11*z**2 + 21*z + 69. What is g(-4)?
161
Let o(f) = -f**3 + 29*f**2 - 206*f + 4. What is o(13)?
30
Let a(s) = s**3 - 238*s**2 - 70*s + 16671. What is a(238)?
11
Let r(j) = -j**2 - 10*j + 13. Determine r(-11).
2
Let n(b) = -8*b**2 + 12*b - 4. Give n(-5).
-264
Let w(r) = -4620*r + 4694. Determine w(1).
74
Let j(t) = -7*t + 50. What is j(8)?
-6
Let l(n) = -4*n**2 + 60*n - 47. Give l(18).
-263
Let a(l) = 15*l - 26. Determine a(2).
4
Let p(t) = -55*t + 2976. Give p(54).
6
Let b(p) = -330*p - 3321. What is b(-10)?
-21
Let k(d) = -3*d**2 + 23*d + 252. Determine k(14).
-14
Let x(l) = 174*l + 633. Give x(-4).
-63
Let d(w) = 15*w - 33. What is d(-2)?
-63
Let m(q) = 64*q**3 - 5*q**2 + 10*q - 2. What is m(1)?
67
Let g(a) = 19*a + 1167. What is g(-61)?
8
Let b(f) = -3558*f - 17783. What is b(-5)?
7
Let q(s) = 34*s - 113. What is q(-19)?
-759
Let b(c) = c**2 + 38*c - 4418. Give b(50).
-18
Let l(h) = -2*h**3 + h**2 + 68*h - 18. Calculate l(6).
-6
Let v(b) = -84*b**2 + 22*b - 21. Give v(1).
-83
Let p(o) = o**3 - 3*o**2 + 7*o + 1. Give p(2).
11
Let g(x) = -x**3 - 19*x**2 - 69*x - 175. What is g(-15)?
-40
Let l(u) = 10*u**2 + 3701*u + 11093. What is l(-3)?
80
Let i(c) = -103*c - 1. Determine i(-7).
720
Let p(y) = y**3 - 13*y**2 + 12. Determine p(13).
12
Let i(o) = 4*o**3 + 191*o**2 - 247*o - 70. Give i(-49).
28
Let y(r) = 10*r**2 - 203*r - 261. Give y(22).
113
Let a(d) = -114*d + 6136. Determine a(54).
-20
Let a(j) = -j**3 - 11*j**2 + 394*j + 62. Give a(-26).
-42
Let i(z) = -264*z - 1328. Determine i(-5).
-8
Let f(g) = -64528*g + 129053. Give f(2).
-3
Let q(i) = 6*i + 209. What is q(-38)?
-19
Let j(v) = -v**3 + 10*v**2 + 13*v + 5. Give j(11).
27
Let p(n) = n**3 + 2*n**2 - 2*n - 10. Give p(-2).
-6
Let n(a) = -a**2 - 15*a - 16. What is n(-15)?
-16
Let m(w) = -3*w**3 + 73*w**2 - 152*w - 46. What is m(22)?
-2
Let y(k) = k**3 - 56*k**2 + 298*k + 4. Give y(6).
-8
Let r(g) = 6*g**2 + 55*g + 108. Calculate r(-2).
22
Let v(s) = s**3 + 29*s**2 - 68*s - 192. Calculate v(-31).
-6
Let n(g) = g**3 - 12*g**2 - 4*g + 81. Determine n(13).
198
Let k(l) = l**3 + 48*l**2 - 252*l + 627. Calculate k(-53).
-62
Let s(l) = 126*l**2 - 409*l + 97. Calculate s(3).
4
Let f(s) = 28*s + 11. Calculate f(-3).
-73
Let j(h) = h**3 - 8*h**2 - 39*h + 41. Calculate j(11).
-25
Let d(n) = n**3 + 19*n**2 - 30*n - 23. Calculate d(-21).
-275
Let l(r) = 2*r**2 - 76*r + 81. Give l(36).
-63
Let x(a) = 18*a + 7. Calculate x(0).
7
Let g(k) = k**3 - 25*k**2 - 274*k + 310. Determine g(33).
-20
Let c(b) = -33*b**2 - 170*b - 7. Calculate c(-5).
18
Let u(i) = -211*i**3 + 5*i**2 - 2*i - 4. What is u(1)?
-212
Let z(b) = -61*b + 5. Determine z(1).
-56
Let a(c) = c**2 + 21*c - 9. Give a(-20).
-29
Let q(o) = 21*o + 10. What is q(-2)?
-32
Let u(n) = n**2 - 51*n - 6666. Determine u(111).
-6
Let w(c) = c**3 - 42*c**2 + 153*c - 43. What is w(38)?
-5
Let g(a) = 9*a - 57. Give g(5).
-12
Let f(y) = -33*y**2 - 10*y + 10. Calculate f(1).
-33
Let d(q) = -1514*q - 9019. Determine d(-6).
65
Let g(q) = -23*q + 273. Determine g(13).
-26
Let k(i) = -3*i**2 - 11*i + 36. Determine k(-7).
-34
Let k(l) = -2*l**2 + 32*l + 20. Give k(19).
-94
Let l(i) = i**2 + 94*i + 1677. Determine l(-23).
44
Let k(v) = -23*v**3 + 322*v**2 - 4. Determine k(14).
-4
Let l(x) = 19*x - 550. Determine l(48).
362
Let s(z) = -z**2 - 16*z + 92. Determine s(-14).
120
Let h(j) = j**3 - 5*j**2 - 161*j + 917. Calculate h(6).
-13
Let t(b) = -1490*b - 49165. Calculate t(-33).
5
Let u(v) = v**3 - 24*v**2 - 25*v. Determine u(25).
0
Let g(y) = 15*y - 979. What is g(65)?
-4
Let c(h) = 2*h**3 - 35*h**2 - 38*h + 207. What is c(18)?
-153
Let z(g) = g**3 + 13*g**2 + 22*g - 49. Calculate z(-9).
77
Let j(p) = 166*p - 7139. Give j(43).
-1
Let q(w) = w**3 - 12*w**2 - 47*w + 341. What is q(14)?
75
Let h(r) = -2*r**3 - 26*r**2 - 124*r - 1199. Give h(-12).
1
Let g(o) = o**3 + 2*o**2 - 15*o - 6. Give g(-6).
-60
Let b(f) = -9*f**2 + 178*f + 1180. Calculate b(25).
5
Let o(l) = -l**2 - 23*l + 436. Determine o(13).
-32
Let z(i) = i**3 - 11*i**2 + 13*i + 7. Give z(9).
-38
Let m(b) = -1134*b - 24946. What is m(-22)?
2
Let j(p) = -39*p - 240. Give j(-4).
-84
Let c(i) = -14